+ 1. Is q(j) a prime number?
True
Suppose 8*c = -41490 + 356538. Is c a composite number?
True
Suppose -3*u + 5*f + 5684 = 0, 2*f + 3826 = 2*u + 6*f. Is u a prime number?
False
Let z = -3932 - -13433. Is z a composite number?
True
Let l be 598 + 1*(0 + 1). Suppose 2*g = 3*k + l, 4*k + 56 = -2*g + 648. Is g a composite number?
True
Let y = -34 - -23. Is (-236)/(-3) + y/(-33) a prime number?
True
Let p = 302 - -405. Is p a composite number?
True
Suppose -14*y + 27743 = -70299. Is y composite?
True
Suppose 4*w + 5*d + 553 = -206, -3*d = 5*w + 965. Let g = w + 89. Let c = 104 - g. Is c prime?
True
Let w(y) = 2*y**3 + 91*y**2 + 29*y - 103. Is w(-42) prime?
True
Let f(u) = u**3 - 4*u**2 + 3*u + 2. Let j be f(2). Suppose t - 15 - 538 = j. Is t composite?
True
Let r = 97 - 87. Let u(o) = -o**3 + 13*o**2 + 13*o + 15. Is u(r) a prime number?
False
Let c(w) = -w - 5. Let m be c(-3). Suppose 4 = -2*v + 6. Is 1*(-598)/m - v a prime number?
False
Suppose 3*i + 2*i + 3 = 4*m, -i = 3*m - 7. Suppose -2*l + 5*x + 7860 = 0, -2*l - 2*x = m*x - 7878. Is l a composite number?
True
Suppose -q + 14 = -13. Let r be (-4)/(-6) + 63/q. Let k = 0 + r. Is k prime?
True
Suppose 0 = -8*h + 3*h + 10. Let b(y) = 259*y - 9. Is b(h) composite?
False
Let g = 17475 - 11356. Is g a composite number?
True
Let c be 8/14*14/4. Suppose 33 = 5*v + 3*f + f, -3*v + 11 = -c*f. Suppose -569 = -v*p - 174. Is p prime?
True
Suppose -i - 6 = 5*d + 7, -4*d + 65 = -5*i. Let u = i - -4. Is (-633)/9*u/3 composite?
False
Let d be (2 - -1) + -1 + -2. Suppose 5*j + 0*j - w - 3156 = d, 0 = 2*w + 2. Is j a prime number?
True
Let a be (-2 + -1)/(10 + -11). Suppose -z - 151 = i - 778, -a*z - 5*i = -1889. Is z prime?
False
Let l(d) = -7*d + 23*d**3 - 5*d**2 + 0*d + 3*d + 1. Let z(p) = -24*p**3 + 6*p**2 + 5*p - 2. Let g(m) = 4*l(m) + 3*z(m). Is g(3) prime?
False
Suppose 2*n = 790 + 1330. Let p = -647 + n. Is p a prime number?
False
Let i(h) = -1 + 3 - h**2 - 4*h + 2*h**2 + 3. Let j be i(4). Suppose -181 + 966 = j*t. Is t composite?
False
Let s = -18 - -22. Suppose -s*d + 398 = -1278. Is d prime?
True
Let j(l) = l**2 - l - 3. Is j(8) a prime number?
True
Is (-10)/85 + 663190/170 prime?
False
Let o(t) = -2*t - 9. Let p be 23/(-4) + 4/(-16). Let b be o(p). Suppose -b*x + 7*x = 1108. Is x a composite number?
False
Suppose 13*s = 18*s - 124585. Is s prime?
True
Let s = -34 - -38. Suppose -t + 155 = 5*m + t, 0 = 3*m - s*t - 93. Is m a composite number?
False
Let i(d) = -d + 4. Let b be i(4). Suppose -y - 3*y + 1996 = b. Is y composite?
False
Let p(x) = -69*x - 6. Let l(r) = -69*r - 5. Let s(m) = -4*l(m) + 5*p(m). Let o be s(-6). Let v = o - 181. Is v a prime number?
True
Let v be (-22)/(-55)*(8 + 2). Suppose 5*k - v*g + 8 = -0*k, -3*g = -3*k - 6. Suppose -4*y + b = -0*b - 3559, -y + 5*b + 904 = k. Is y composite?
True
Let o = 2086 + 873. Is o prime?
False
Let n = -6 + 35. Suppose -n*k = -28*k - 1397. Is k a prime number?
False
Suppose 5*d - 4*f + 20 = 0, 2*d + 1 + 7 = 2*f. Let m(a) = 2*a**3 + a - 1. Let p be m(1). Is p/d - 4743/(-18) a composite number?
False
Suppose -1 = 4*b - 5*b. Suppose -4 = -u + b. Suppose -k = 3*h - 5*k - 97, -u*k - 5 = 0. Is h a composite number?
False
Suppose 2*f = -f - 219. Let n be -2 - (f*2 - 1). Let x = 260 - n. Is x prime?
False
Let u = -136 + -94. Let a = u - -559. Is a a prime number?
False
Let j(l) = 14*l**2 + 9*l - 12. Is j(-3) a prime number?
False
Let y = -2390 + 8309. Is y a composite number?
True
Suppose 4596 - 42680 = -2*z. Is z a composite number?
True
Is (-514670)/(-14) - (-3)/63*18 prime?
False
Suppose -5*d + 33 = 3*l, -3*l + d + 2*d + 9 = 0. Suppose -l*c = 1819 - 6325. Is c a composite number?
False
Suppose -39*y + 1836632 = 2969. Is y prime?
True
Let c be -34*((-3)/6 + 0). Suppose 0 = -22*u + c*u + 1855. Is u prime?
False
Suppose 182 = 3*v - 16. Let o = v - 31. Let s = 44 - o. Is s composite?
True
Let s(u) = -u**3 - 3*u**2 + 5*u + 9. Let w be s(-4). Suppose -r - i - 7 = -210, 3*i = -w*r + 1015. Is r prime?
False
Let u(o) = o**2 + o - 109. Is u(16) a prime number?
True
Suppose -2*d + 795 + 1183 = 2*u, -5*d = -5*u + 4965. Is u prime?
True
Suppose 147 = -5*x + 4*w, x - w = 2*w - 36. Let l be (-7539)/x + 2/(-9). Suppose 0 = -3*k - 0*k + l. Is k a composite number?
True
Suppose 4*d - 1288 + 232 = 0. Suppose -2*n - d = -878. Is n composite?
False
Is 156550/20 + (-6)/(-4) composite?
False
Suppose 2*f - 4*s - 1466 = 4606, -3029 = -f - 5*s. Is 10/35 - f/(-14) composite?
True
Let s(k) = -k**2 + 19*k - 17. Suppose 0*u = -2*u - 8. Let w be (-49)/u - 2/8. Is s(w) prime?
True
Suppose 13*w - 58470 = -17*w. Is w composite?
False
Suppose 5*l + 3*c = 11120, -27 + 12 = 3*c. Is l a composite number?
True
Let i(n) = 25*n + 21. Let l(r) = 13*r + 10. Let t(j) = -6*i(j) + 13*l(j). Is t(1) a prime number?
True
Let u(r) be the first derivative of r**4 - 3*r**3 - 9*r**2/2 + 3*r + 7. Is u(7) a composite number?
True
Let h(v) = -107*v**3 - 14*v - 7. Is h(-6) a prime number?
True
Let i = 20 - 14. Suppose -9*o - 6 = -60. Is 675/o + i/(-4) a composite number?
True
Is (-4 + -1)*(-24)/40 + 700 prime?
False
Suppose 11*s - 15398 - 9209 = 0. Is s a prime number?
True
Suppose 1073*o - 117901 = 1066*o. Is o a prime number?
True
Let p(w) = 6*w**2 - 2*w - 1. Suppose 18 + 0 = 6*t. Suppose -t*z + 7 + 8 = 0. Is p(z) composite?
False
Let n be 665*6*(-63)/18. Let g be n/(-14) + 6/(-4). Let m = g + -542. Is m a prime number?
False
Suppose -4*a = 0, -5*s + 22*a + 10745 = 19*a. Is s a composite number?
True
Suppose -5*p - 5*v = -10820, 5*v - 4343 = -2*p - 0*p. Is p a prime number?
False
Let u be 4 - (-1 + 4)*7/21. Suppose 0 = -p + 4. Suppose -u*y + 430 = 4*r, -y - p*y = 2*r - 712. Is y a prime number?
False
Let n(c) = -c**2 + 25*c - 29. Let g be n(12). Suppose -g = -2*i + 187. Is i a prime number?
True
Suppose 0 = 25*s - 32*s + 20993. Is s a composite number?
False
Is (-2184645)/(-135) - 8/(-18) composite?
False
Let q(l) be the first derivative of 2*l**3/3 - 3*l**2/2 + 3*l - 3. Let k be q(-6). Suppose -4*t + t = -k. Is t a prime number?
True
Suppose -29*p + 5 = -34*p. Is (-15488)/(-33) + p/3 a composite number?
True
Let y = -12 - 20. Is (121/(-4))/((24/y)/3) composite?
True
Let k(c) be the first derivative of c**4/4 + 4*c**3/3 + 3*c**2/2 + 12. Let b be k(-2). Suppose -4*y = 3*l + l - 892, -l + b*y = -217. Is l composite?
True
Let d be (9 + -5)/((-1)/(-21)). Suppose 2*t - t - d = -z, -2*z = -2*t + 164. Is t a composite number?
False
Let k(m) = m**3 + 12*m**2 + 9*m - 8. Let y(f) = 2*f**3 + 23*f**2 + 17*f - 15. Let q(a) = -7*k(a) + 4*y(a). Suppose -5*o = -2*o + 15. Is q(o) a composite number?
True
Let r(s) = s + 13. Let w be r(-11). Suppose y = w*z + 2222 - 653, -y - 4*z + 1539 = 0. Is y a prime number?
True
Suppose -4*p + 65 = p - 2*i, 65 = 5*p - 5*i. Let u = p - 15. Is (182 - 0)*(-1)/u a composite number?
True
Is 11070 + -21*(-12)/84 prime?
False
Let k(m) = -7707*m + 52. Is k(-5) a prime number?
False
Let o(u) = -u**3 + 4*u**2 + 6*u - 1. Let i be o(4). Let h = 28 - i. Suppose 3*l + 3*b = -0*b + 216, h*l = -4*b + 365. Is l prime?
False
Suppose 0 = a - 117 - 769. Let j = 225 - a. Let s = j + 992. Is s a prime number?
True
Let l = -26 + 46. Is 4/10 + 2612/l a composite number?
False
Let s = 21550 - 2379. Is s a prime number?
False
Let f(t) = t**2 + 10. Let i be f(0). Suppose -u = -6*u + i. Suppose 0 = -5*q + 68 + u. Is q prime?
False
Let y(t) = -t**2 + 7*t + 7. Let m be y(-4). Let q = m + 83. Is q a composite number?
True
Suppose 0 = -3*g - 4*n + 12073, -2*n + 0*n - 4041 = -g. Is g composite?
True
Is (-6*(-121387)/42)/(3 + -2) a composite number?
False
Suppose -10*d + 33*d - 87607 = 0. Is d a composite number?
True
Let w(k) = -k**2 - k + 6. Let f be w(-3). Suppose f*o - 2757 = -3*o. Is o composite?
False
Suppose -4*h + 2772 = 2*g - 0*h, -4*g + 2*h + 5524 = 0. Is g prime?
False
Suppose -6*m + 1196 = -2*m. Let x = -1973 - -2009. Let y = m - x. Is y composite?
False
Suppose -2*q = 32 - 44. Let o(s) = 5*s**3 + 14*s**2 - 6*s - 5. Is o(q) a prime number?
True
Suppose 3*o + 107 = 641. Let r = 8 + -8. Suppose 3*b - b - o = r. Is b a composite number?
False
Let z = 238 - -1081. Let m = 4642 - z. Is m composite?
False
Let n(a) = -a**2 - a - 1. Let c(u) = -u**3 - 10*u - 5. Let s(j) = c(j) - 4*n(j). Let k be s(5). Let h = -35 - 